 r(n) = -6*g(n) - 5*x(n). Give r(k).
2
Let b(g) = 14*g**2 - 26*g**2 - 1 + 6*g + 11*g**2. Give b(3).
8
Let l be (-4)/14 - (-18)/14. Suppose 0*u = 5*g - 5*u + 10, 3*g - 2*u = -4. Let x = l - g. Let v(c) = 3*c. Determine v(x).
3
Let d(p) = -p**3 - 6*p**2 - 6*p - 3. Let x be (-10)/(-4)*(2 + -4). Let t be d(x). Let i(s) = -s**3 + s**2 - 3*s + 1. What is i(t)?
-9
Let v(u) = -u**3 + 5*u**2 - 5*u + 4. Suppose 12 = 4*w + 2*w. Suppose -l + w = -1. What is v(l)?
7
Let t(s) = -11*s**2 - 7*s - 29. Let b(g) = 5*g**2 + 4*g + 14. Let y(f) = 9*b(f) + 4*t(f). What is y(-7)?
3
Let m(x) = x. Let t be 4 - (-1 - 1 - -7). Give m(t).
-1
Suppose -2*b - 15 = -5*b. Let g = -4 + b. Let z(o) = -8 + 8 - 7*o. Calculate z(g).
-7
Let u(m) = m**3 - 5*m**2 - 7*m - 8. Let r(b) = -b - 4. Let l be r(-5). Let k be 1/l*(0 + 6). Determine u(k).
-14
Let h(l) be the first derivative of 3*l**2/2 + l + 10. Give h(1).
4
Let v(h) = h**2 + 4*h - 1. Let q = -38 - -36. Calculate v(q).
-5
Let d(v) = v + 4. Suppose -z + 6*q + 15 = 5*q, 5*z + q = 105. Suppose -z = 4*u + u. Calculate d(u).
0
Let o(n) = -13*n - 4. Let t(h) = 2*h + 1. Let b(a) = -o(a) - 6*t(a). What is b(-4)?
-6
Let q be (-5)/2*(-42)/15. Let d(a) = -8 + 15 + q*a**2 + 7*a - 11 + 2*a**3 - a**3. Calculate d(-6).
-10
Let i(n) = -n + 4. Let s be (-1)/(-4) - (-45)/12. Give i(s).
0
Let h(v) be the second derivative of 0 - 7/20*v**5 + 0*v**2 + 3*v + 0*v**3 + 1/12*v**4. Let i = 2 + -1. What is h(i)?
-6
Let b(g) = -2*g - 5. Let h = -9 + 2. Give b(h).
9
Let d(h) = 2*h**3 + 4*h**2 - 3*h - 1 + h - 5*h**3 + h**3. Suppose -5*k = -9 - 1. Give d(k).
-5
Let r = 0 - 3. Let j(k) be the second derivative of 7*k - 1/3*k**3 - 1/6*k**4 + 0*k**2 + 0. Determine j(r).
-12
Let c(o) be the first derivative of -4 + o - 3/2*o**2. What is c(2)?
-5
Let g(d) = d**3 - 5*d**2 + 5*d. Let i(b) = b**3 + 11*b**2 + 11*b + 13. Let h be i(-10). Suppose 2*f = l + 3, h*f - 4 = 2*l - 2. Determine g(f).
4
Let h be (-52)/(-20) + 2/5. Let l(z) = -2*z + 1. Let q(g) = 44*g - 64. Let m(w) = -5*w + 7. Let y(b) = 28*m(b) + 3*q(b). Let p(t) = 9*l(t) - 2*y(t). Give p(h).
-5
Let w(g) = 10*g - 31. Let s(a) = 3*a - 14. Let o(y) = 1. Let i(t) = 4*o(t) + s(t). Let d(l) = 7*i(l) - 2*w(l). Determine d(0).
-8
Let m(k) be the third derivative of -k**6/120 - 7*k**3/6 - 38*k**2. Let x = 2 - 2. What is m(x)?
-7
Let v(c) = -5 + 14 + 3*c - c + c. Determine v(-8).
-15
Let j(p) = -3*p + 1. Let m be j(-1). Suppose 0 = -z - z - m. Let q(k) = 1 - k - 2*k - 1. Determine q(z).
6
Let z be 2*(0 - (-26)/4). Let l be 2/(-4)*(z - 3). Let d(r) = -r + 1. Let u(f) = f - 12. Let x(t) = 2*d(t) + u(t). Give x(l).
-5
Suppose -4*z - 65 = z. Let h = -9 - z. Let g(y) = -y**3 + 3*y**2 + y - 3. What is g(h)?
-15
Suppose 12 = -5*q - 3. Let y(o) = -o + 83 - o - 81. What is y(q)?
8
Suppose 2*d = 5*d. Let r = d + 5. Let x(p) = 4*p**2 - 7*p - 12. Let a(v) = -v**2 + 2*v + 3. Let n(o) = 9*a(o) + 2*x(o). Calculate n(r).
-2
Let o(v) be the first derivative of -3*v**2/2 - v + 3. Suppose 3*a + 16 = q, -2*a - 26 = -q + 3*a. Calculate o(q).
-4
Let s(b) = -b**2 + b. Let i(h) = 9*h**2 - 4*h + 1. Let u(o) = i(o) + 6*s(o). Let w be u(-1). Let v(z) = -2*z - 7*z + 8*z + z**w. Determine v(2).
2
Let w(b) = -b**3 - 8*b**2 + 5. Let k be w(-8). Suppose k = 3*v - 10. Suppose v*i + 11 + 4 = 0. Let z(g) = -g**2 - 5*g. What is z(i)?
6
Let z(s) = -s**3 - 3*s**2 + 2*s. Let r be (-6)/(6/2)*(1 - 0). Give z(r).
-8
Suppose -6*a + 5*q + 25 = -a, -q - 21 = -5*a. Let k(t) = 1. Let f(s) = -s - 1. Let b(g) = g + 4. Let u be b(-2). Let y(w) = u*k(w) + f(w). Give y(a).
-3
Let r(k) be the third derivative of k**6/120 + k**5/10 + 5*k**4/24 + k**3/6 + 14*k**2. Give r(-5).
1
Let b(j) be the second derivative of -j**2 + 1/4*j**4 + 0*j**3 + 0 + j. Determine b(-2).
10
Let z be 2 + -2 + 1 + 1. Let v(d) = -4*d**z + 2*d**3 - d**3 - 33*d + 34*d. Let n = 1 + 3. What is v(n)?
4
Let f = -7 - -2. Let m(b) = 3*b**3 - 10*b**2 - 2*b + 2. Let p(r) = -4*r**3 + 11*r**2 + r - 3. Let y(s) = -5*m(s) - 4*p(s). Determine y(f).
-3
Let f(g) = 3*g**3 - 2*g**2 + g - 2. Let b be f(2). Let r = b + -11. Suppose 11 = 3*n + r. Let o(w) = -w**3 - w**2 + 3*w - 1. Give o(n).
-7
Let v(r) be the third derivative of r**6/120 - r**5/15 - r**4/24 + r**3/2 + r**2. Let p(a) = 5*a**3 + a - 2. Let y be p(2). Let w be y/12 - 4/(-6). Give v(w).
-1
Let n(j) be the third derivative of -j**4/24 + 7*j**3/6 - j**2 + 17. Give n(5).
2
Let c(i) = 2*i**2 + 4*i. Let o(n) = n**2 + n - 1. Let m(h) = c(h) - 3*o(h). What is m(3)?
-3
Let h be (2 - -2)/1 - -1. Let b(p) = p**3 + p**2. Let x(i) = 4*i**3 + 11*i**2 - 3*i - 1. Let r(v) = 5*b(v) - x(v). What is r(h)?
-9
Let k(u) be the first derivative of -u**4/4 - 2*u**3/3 + u**2 + u - 1. Calculate k(-3).
4
Suppose j - 4*t = -17, 2*t = 5*j - j - 2. Let b(l) = -l**3 + 4*l**2 - l - 3. Calculate b(j).
3
Let x(r) = -3*r + 4. Let i be x(-4). Suppose i = -5*l - 4. Let v(t) = -t**3 - 5*t**2 + 5. Calculate v(l).
-11
Let s(m) be the third derivative of m**5/60 - m**4/8 - m**3/6 - 6*m**2. Determine s(5).
9
Let f(k) = 24*k + 0 + 1 - 14*k. Give f(-2).
-19
Let t(f) = -2 + 31*f + 1 + 15*f**2 - 29*f. What is t(1)?
16
Let j = -4 - -8. Suppose 6 = -2*f + j*f. Let v(x) = f*x + 2*x - x + 3 - 3*x. What is v(-5)?
-2
Let q(j) = j**2 - j - 1. Let d(c) = -10*c - 4. Let t(g) = d(g) - q(g). Calculate t(-9).
-3
Let t(b) = b**2 - 35 - 32 + 95 - 40 + 10*b. Calculate t(-10).
-12
Let q(w) = -4 - 3*w**2 + 7 - 5*w + 2*w**2. Let g be q(-4). Let p(d) = 6 + d - g + 1. Give p(-3).
-3
Let x be (16/12)/(3/(-9)). Let a = x - 0. Let j(d) = -d**2 - 2*d + 5. What is j(a)?
-3
Let q(d) = d**2 + d. Let o(g) = g. Let s(j) = j**2 + 7*j + 6. Suppose -n = -3*u + 18, 5*u - 32 = 2*n - 0*u. Let c be s(n). Let y be o(c). What is q(y)?
0
Let s(c) = -2*c**3 - 11*c**2 - 2. Let i(x) = x**3 + 6*x**2 + 1. Suppose 4*z = 5*h + 39, 4*z + 15 - 48 = 3*h. Let u(o) = z*s(o) + 11*i(o). What is u(-1)?
0
Suppose 0*m + 4*m = 4. Let c be (m/2)/(3/12). Suppose -n + 6 = c. Let y(t) = t**3 - 4*t**2 - t - 2. What is y(n)?
-6
Let b(v) = -v + 2. Let u be b(-3). Let k(g) be the third derivative of 0 + 0*g + 0*g**3 + 1/60*g**5 - 1/6*g**4 + 6*g**2. Give k(u).
5
Let q(d) = -d - 12. Let c be (-2 + -1)/(4*(-2)/(-24)). What is q(c)?
-3
Let z(b) = 0*b - 5*b - 5*b**2 - 5 - b**3 + 0*b**3. Let w = 1 + -5. Determine z(w).
-1
Let f(x) = -x**2 - 7*x - 1. Let t be f(-7). Let u(b) = -2*b**3 + 3 - 2*b**2 + 0*b**2 - 2 + 0*b**2. What is u(t)?
1
Let k(y) = -5*y. Let v = 0 - 1. Let i be k(v). Let q(p) = 4*p + 2*p - i*p. Determine q(-4).
-4
Let v(g) = g - 7. Let m be v(10). Suppose -m*t - 24 = t. Let n(j) = -j**2 - 5*j + 8. Determine n(t).
2
Let t(v) = v**2 + 5*v + 3. Let d(b) = -2*b + b**3 - 5*b**2 + b**2 - 3*b**2 + 3 + 4*b**2. Let u be d(3). Determine t(u).
-3
Let o(h) = h**2 - 9*h + 16. Let r be o(7). Suppose -2*t + 0 = 3*b - r, -4*b = -4*t - 36. Let g(k) = -k**3 - 6*k**2 - 4*k - 3. What is g(t)?
-8
Let n be (-2 - 19)/(6/(-4)). Suppose -5*z - 19 = -5*h + 21, 0 = -4*z - 2*h - n. Let d(r) = r**3 + 5*r**2 + 2*r + 7. Calculate d(z).
-3
Let p(y) = 4*y**2 - 1 - y**2 - 5*y**2 + y**3 + 5*y**2. What is p(-2)?
3
Let y(a) = 2*a + 4. Let u(t) = 2*t**2 + 2*t. Let p be u(-2). Determine y(p).
12
Suppose k + q = 5, -3*k - 2*q = -7*q - 7. Let u(m) = m**2 - m. Let d(h) = -h**3 + 7*h**2 - 2. Let r(b) = d(b) - 3*u(b). Determine r(k).
10
Suppose 4*l - 5*q + 26 + 22 = 0, 2*l = -q - 10. Let s be (-26)/65 - l/5. Let v(b) = 16*b - 6. Let w(n) = 3*n - 1. Let t(g) = -2*v(g) + 11*w(g). Calculate t(s).
2
Let k(y) = 2 + 4 - 3 + 2*y. Suppose 3*n - 6 = -5*r + 2*n, -2*r + 5*n = -24. Suppose -3*d = r*d + 25. What is k(d)?
-7
Let z be 3*(2 - (-4)/(-6)). Suppose d - 3*x + 4 = -1, z*x + 25 = -5*d. Let i(y) = -3*y - 3. Let l(f) = 4*f + 4. Let b(p) = 7*i(p) + 5*l(p). Determine b(d).
4
Let i(h) = -1. Let c(x) = -x - 4. Let g(a) = c(a) - 5*i(a). Calculate g(-1).
2
Let a(p) = -p**3 + 4*p**2 + 14*p - 7. Let i be a(6). Let j(k) = k - 4. What is j(i)?
1
Suppose -h = 2, c - 3*h + 1 = -5*h. Let g(t) = c + 3*t + 4*t - 4*t - t**2 + 1. Determine g(3).
4
Let j(o) be the third derivative of o**5/30 - o**4/12 - 40*o**2. What is j(2)?
4
Let o(p) = p - 2. Let k(h) = -h**3 + h**2 + 4*h + 6. Let g be k(0). What is o(g)?
4
Let m(f) be the first derivative of -f**3/3 - 2*f**2 + 2*f - 23. What is m(-6)?
-10
Suppose 5*k - 13 + 3 = 0